f j and 25.
25
Suppose -3*g - 2*g = 0. Suppose -4*u = l - 136, 5*l - 3*u - u - 584 = g. Let q be (5 - (-3 - -6))/(1/12). Calculate the highest common divisor of q and l.
24
Suppose 66*y = 53*y + 14391. What is the greatest common divisor of y and 164?
41
Let r be -506 - (0 + 4)/4. Let v = -359 - r. What is the greatest common factor of 37 and v?
37
Suppose 2*i - 5*i - 5*t = -198, 2*i + 3*t - 132 = 0. Let v = -9 + 20. Calculate the greatest common factor of i and v.
11
Let m = 130 + -79. Let j = -43 + m. What is the greatest common factor of 24 and j?
8
Suppose -3*o = 4*t - 628 - 268, 0 = -4*o. What is the greatest common factor of 140 and t?
28
Let o(p) = -p**2 - 6*p + 32. Let f be o(0). Calculate the highest common factor of 176 and f.
16
Suppose 0 = 5*s + 2*j - 27, -7*j + 15 = 5*s - 2*j. What is the greatest common factor of s and 63?
7
Let j be ((-7)/4 - 0)/(1/(-68)). What is the greatest common divisor of 17 and j?
17
Suppose -2*g - k = g + 503, 4*g + 4*k + 684 = 0. Let y = -116 - g. What is the highest common divisor of 25 and y?
25
Let n be 34 - 1*(2 - 7). What is the greatest common factor of n and 273?
39
Suppose -22 - 154 = -4*d. What is the highest common factor of 8 and d?
4
Let p(g) = g**2 - 20*g - 77. Let x be p(-4). Suppose 5*o + n = -3*n + 277, o + 3*n - 51 = 0. Calculate the greatest common divisor of o and x.
19
Let p(k) = -7*k - 13. Let g be p(-4). Suppose 1 = g*s - 14. Calculate the greatest common factor of s and 1.
1
Suppose -2*g = -5 - 11. Let n = 10 - 362. Let l be n/(-12)*(2 + 1). Calculate the greatest common factor of g and l.
8
Let l(s) = s**2 - s + 8. Let h be l(8). Let q = 80 + h. What is the highest common divisor of q and 16?
16
Let y = 574 + -554. What is the highest common divisor of y and 28?
4
Suppose -11*t + 34 = 1. Suppose 7*v - 28 = t*v. Calculate the greatest common divisor of v and 112.
7
Suppose 70 - 190 = -5*s. Let r = 40 + 24. Suppose -f = 4*h + h - r, -52 = -4*h - f. Calculate the highest common factor of s and h.
12
Suppose -4*a = -196 + 16. Let z(i) = 43. Let n(w) = w + 44. Let u(p) = 4*n(p) - 5*z(p). Let d be u(12). Calculate the highest common divisor of a and d.
9
Let q be (10455/(-18))/(-5) + (-11)/66. Calculate the greatest common factor of 4 and q.
4
Suppose 15*k = 14*k + 296. What is the highest common divisor of 8 and k?
8
Let d(n) = -n**2 + 25*n - 4. Let v be d(12). What is the greatest common divisor of v and 114?
38
Let x = 4 - -1. Suppose -28 = -x*o - 3. Suppose 5*h - 18 - 72 = m, 4*h + o*m - 72 = 0. Calculate the greatest common divisor of h and 126.
18
Let h be 7980/156 + (-3)/(-1 - 38)*-2. Let l = -2 - -2. Suppose l*n = -3*n + 102. Calculate the greatest common divisor of n and h.
17
Let b = -34 - -38. Let z be b + -2 + (-1 - -11). Calculate the greatest common divisor of z and 48.
12
Let p = 221 - 153. Suppose 81*w - 85*w + 16 = 0. Calculate the greatest common factor of p and w.
4
Suppose 4*t + 144 = 8*t. Suppose 5*c - 2*r - 73 + 13 = 0, -2*c + 24 = r. What is the highest common divisor of c and t?
12
Suppose 0*n = -2*q - n + 11, q - 4*n + 17 = 0. Suppose q*p - 2*p = 20. Let d(u) = u**2 + u + 4. Let f be d(0). Calculate the highest common divisor of p and f.
4
Let g = 65 - 65. Suppose -5*r - 1185 = -5*j, -3 = -r - g*r. What is the greatest common factor of 12 and j?
12
Let l = 1 + 1. Let w be (2 - -18)*l/4. Suppose 3*b - 44 = -22*g + 23*g, 0 = 2*g - 2. Calculate the highest common divisor of w and b.
5
Let c be (-1)/(-4) - (-10 - 28452/48). Calculate the greatest common factor of c and 67.
67
Let z = -1 + 4. Suppose -j + 21 = -2*p, j = 3*j + z*p - 28. Calculate the highest common divisor of j and 17.
17
Let j = 170 + -152. What is the greatest common divisor of j and 9?
9
Let w be (9/(-6))/((-3)/(-6)). Suppose 46 = -2*m - 50. Let d be w/4*m/2. What is the highest common factor of d and 144?
18
Suppose -y + 38 = 2*p, -3*y + 2 = 2*p - 40. Suppose 0 = 4*f - 5*z - 73, -4 + 1 = f + 3*z. Calculate the highest common factor of f and p.
6
Let t(h) = -h**3 - 24*h**2 - 41*h + 73. Let s be t(-22). Calculate the greatest common factor of 252 and s.
7
Suppose -90 = 218*w - 224*w. Calculate the highest common divisor of 165 and w.
15
Suppose 0 = 4*h - 0*h - 24. Let c be h*12 + (14 - 14). Calculate the highest common factor of c and 8.
8
Suppose -3*w = -2510 + 2069. Let k = -3 + 24. Calculate the greatest common divisor of k and w.
21
Let m = 21 - 14. Suppose -5*y + m*y = 10. Suppose 38 = y*i - 12. What is the greatest common factor of 70 and i?
10
Let r be (-3)/((-18)/20)*12. Let o be 0/(((-10)/30)/(2/6)). Suppose 4*d - 32 + 0 = o. Calculate the highest common divisor of d and r.
8
Suppose 0 = 3*w - 30 - 24. Let x be 0 + 33 + 3 + -9. Calculate the greatest common divisor of x and w.
9
Let v = -83 - -129. Suppose 0 = -3*b - 5*r + 84, -2*b + 29 = 3*r - 26. Calculate the highest common divisor of b and v.
23
Let r be (-3 + 1)*(-117)/13. What is the greatest common divisor of 225 and r?
9
Let q = 46 + -44. Suppose 5*l = -p - 0*l - 16, 0 = -4*p + 5*l + 36. Suppose -q = p*g - 6. What is the highest common divisor of 1 and g?
1
Let n be (24 - -4 - 11)/(2/40). Calculate the highest common factor of 306 and n.
34
Let l = 28 + -24. Suppose -2*b - l*w - 4 = -40, -4*b + 69 = 5*w. What is the greatest common factor of b and 80?
16
Suppose 122*x - 124*x = -176. Calculate the greatest common factor of x and 572.
44
Let p be 14*((-12)/(-8) + -4). Let t = -16 - p. Suppose -23 = -2*w - t. Calculate the greatest common factor of 22 and w.
2
Let c be (5/(-2) + -1)*-18. Suppose 5*u = -29 - 26. Let f = u + 20. What is the highest common factor of c and f?
9
Suppose -2*w - 6 = 6. Let a = 1573 - 621. Let i be (-4)/w - a/(-12). What is the greatest common factor of i and 10?
10
Let q(n) = -n**3 + 5*n**2 - 4*n + 7. Let l be q(4). Let p(d) = -d**3 - 7*d**2 - 4*d - 7. Let k be p(-7). What is the greatest common factor of k and l?
7
Suppose 40 + 0 = w. Suppose 60 = 2*n + 4*n. Suppose 0 = -n*m + m + 144. What is the greatest common factor of m and w?
8
Let x = 97 - -4. Suppose -4*k + 4*z + x = -271, 4*k + z - 387 = 0. Calculate the greatest common factor of k and 72.
24
Let l = 2 - 2. Let o be 2 - l - (-1 - 97). Let j be -4*((-99)/165 - 22/5). What is the greatest common factor of j and o?
20
Let r(s) = s**2 - 4*s + 6. Let n be r(5). Suppose 0 = -n*o + 18 + 4. What is the highest common factor of 22 and o?
2
Let n(o) = -o**2 + 7*o + 1. Let g be n(6). Suppose 0 = -4*p + g*p - 141. Calculate the highest common divisor of p and 47.
47
Let m(d) = 10*d - d**2 - 16*d + 2*d**2 + 7*d + 8. Let i be m(0). Suppose t - 21 - 27 = 0. What is the greatest common factor of t and i?
8
Let s(j) = -3 - 20*j + 9*j + 29*j**2 + 7*j. Let h be s(-3). Let l = h + -116. Calculate the greatest common factor of 22 and l.
22
Let h be 1/((-3)/(-17)) - (-4)/(-6). Let p(x) = -x**2 + 12*x - 26. Let z be p(h). What is the highest common divisor of z and 9?
9
Let l = -41 - -57. Let r be -6*(-74)/l + (-9)/12. Calculate the greatest common factor of 108 and r.
27
Let t = 5 - 2. Let l(g) = g**2 - g - 6. Let r be l(4). Suppose t*h = -0*h + r. Calculate the greatest common divisor of 14 and h.
2
Let r = -116 - -311. What is the highest common divisor of 78 and r?
39
Let b be 18/(-12)*8/(-6). Suppose 0*s = b*s. Let m(c) = c**2 + 14. Let t be m(s). Calculate the greatest common divisor of t and 126.
14
Let x be 2*((-410)/(-180) - (-4)/18). Suppose -4*d + 3*h - 18 = -98, 0 = -3*d + x*h + 60. Calculate the highest common factor of d and 220.
20
Suppose 3*o + 6 = -60. Let k = o - -26. What is the greatest common divisor of k and 4?
4
Let l be (26 + 60)/(2/3). What is the highest common factor of l and 3?
3
Suppose 5*w + 4*b - 315 = 119, 2*b + 188 = 2*w. Suppose -3*o + 3 = a, -4*o + 3*o - 77 = -4*a. Calculate the greatest common divisor of a and w.
18
Suppose -4*r - 3*x - 13 = 22, -3*r - 19 = -5*x. Suppose 5*u + 6 = 7*u. Let h be u/(12/r - -3). Calculate the greatest common factor of 22 and h.
2
Let k be (-3 - -2)/((-45)/22 + 2). What is the greatest common factor of k and 88?
22
Let s be (-30)/(-25)*(-250)/(-15). Calculate the highest common divisor of s and 380.
20
Let u = 109 - 37. Let f(l) = 15*l - 11. Let s(x) = -7*x + 6. Let i(o) = -4*f(o) - 9*s(o). Let y be 